{"id":1837,"date":"2022-11-02T08:59:03","date_gmt":"2022-11-02T08:59:03","guid":{"rendered":"https:\/\/amperthaler-saengerrunde.de\/?page_id=1837"},"modified":"2023-05-04T14:57:19","modified_gmt":"2023-05-04T14:57:19","slug":"kirda-singa-cd","status":"publish","type":"page","link":"https:\/\/amperthaler-saengerrunde.de\/?page_id=1837","title":{"rendered":"Kirda Singa CD"},"content":{"rendered":"\t\t<div data-elementor-type=\"wp-page\" data-elementor-id=\"1837\" class=\"elementor elementor-1837\">\n\t\t\t\t\t\t<section class=\"elementor-section elementor-top-section elementor-element elementor-element-58135a0 elementor-section-boxed elementor-section-height-default elementor-section-height-default\" data-id=\"58135a0\" data-element_type=\"section\" data-e-type=\"section\">\n\t\t\t\t\t\t<div class=\"elementor-container elementor-column-gap-default\">\n\t\t\t\t\t<div class=\"elementor-column elementor-col-100 elementor-top-column elementor-element elementor-element-a7c6cb8\" data-id=\"a7c6cb8\" data-element_type=\"column\" data-e-type=\"column\">\n\t\t\t<div class=\"elementor-widget-wrap elementor-element-populated\">\n\t\t\t\t\t\t<div class=\"elementor-element elementor-element-1e72346 elementor-widget elementor-widget-text-editor\" data-id=\"1e72346\" data-element_type=\"widget\" data-e-type=\"widget\" data-widget_type=\"text-editor.default\">\n\t\t\t\t<div class=\"elementor-widget-container\">\n\t\t\t\t\t\t\t\t\t<p>Der Chroleiter hat das Konzert mitgeschnitten und eine CD zusammengestellt. In der folgenden \u00dcbersicht sind die Aufnahmen (in guter Klangqualit\u00e4t) der Lieder der Amperthaler S\u00e4ngerrunde anzuh\u00f6ren.<\/p>\t\t\t\t\t\t\t\t<\/div>\n\t\t\t\t<\/div>\n\t\t\t\t\t<\/div>\n\t\t<\/div>\n\t\t\t\t\t<\/div>\n\t\t<\/section>\n\t\t\t\t<section class=\"elementor-section elementor-top-section elementor-element elementor-element-37c0057 elementor-section-boxed elementor-section-height-default elementor-section-height-default\" data-id=\"37c0057\" data-element_type=\"section\" data-e-type=\"section\">\n\t\t\t\t\t\t<div class=\"elementor-container elementor-column-gap-default\">\n\t\t\t\t\t<div class=\"elementor-column elementor-col-50 elementor-top-column elementor-element elementor-element-9a31505\" data-id=\"9a31505\" data-element_type=\"column\" data-e-type=\"column\">\n\t\t\t<div class=\"elementor-widget-wrap elementor-element-populated\">\n\t\t\t\t\t\t<div class=\"elementor-element elementor-element-303f27c elementor-widget elementor-widget-text-editor\" data-id=\"303f27c\" data-element_type=\"widget\" data-e-type=\"widget\" data-widget_type=\"text-editor.default\">\n\t\t\t\t<div class=\"elementor-widget-container\">\n\t\t\t\t\t\t\t\t\t<p>Amperthaler S\u00e4ngerrunde: &#8222;Es gr\u00fc\u00dfen euch, ihr S\u00e4nger all&#8220;<\/p>\t\t\t\t\t\t\t\t<\/div>\n\t\t\t\t<\/div>\n\t\t\t\t\t<\/div>\n\t\t<\/div>\n\t\t\t\t<div class=\"elementor-column elementor-col-50 elementor-top-column elementor-element elementor-element-9a814d5\" data-id=\"9a814d5\" data-element_type=\"column\" data-e-type=\"column\">\n\t\t\t<div class=\"elementor-widget-wrap elementor-element-populated\">\n\t\t\t\t\t\t<div class=\"elementor-element elementor-element-758fa3d elementor-widget elementor-widget-wp-widget-media_audio\" data-id=\"758fa3d\" data-element_type=\"widget\" data-e-type=\"widget\" data-widget_type=\"wp-widget-media_audio.default\">\n\t\t\t\t<div class=\"elementor-widget-container\">\n\t\t\t\t\t<audio class=\"wp-audio-shortcode\" id=\"audio-1837-1\" preload=\"none\" style=\"width: 100%;\" controls=\"controls\"><source type=\"audio\/mpeg\" src=\"https:\/\/amperthaler-saengerrunde.de\/wp-content\/uploads\/2022\/11\/01-Es-gruessen-Euch-ihr-Freunde-all.mp3?_=1\" \/><source type=\"audio\/mpeg\" src=\"https:\/\/amperthaler-saengerrunde.de\/wp-content\/uploads\/2022\/11\/01-Es-gruessen-Euch-ihr-Freunde-all.mp3?_=1\" \/><a href=\"https:\/\/amperthaler-saengerrunde.de\/wp-content\/uploads\/2022\/11\/01-Es-gruessen-Euch-ihr-Freunde-all.mp3\">https:\/\/amperthaler-saengerrunde.de\/wp-content\/uploads\/2022\/11\/01-Es-gruessen-Euch-ihr-Freunde-all.mp3<\/a><\/audio>\t\t\t\t<\/div>\n\t\t\t\t<\/div>\n\t\t\t\t\t<\/div>\n\t\t<\/div>\n\t\t\t\t\t<\/div>\n\t\t<\/section>\n\t\t\t\t<section class=\"elementor-section elementor-top-section elementor-element elementor-element-7daa42f elementor-section-boxed elementor-section-height-default elementor-section-height-default\" data-id=\"7daa42f\" data-element_type=\"section\" data-e-type=\"section\">\n\t\t\t\t\t\t<div class=\"elementor-container elementor-column-gap-default\">\n\t\t\t\t\t<div class=\"elementor-column elementor-col-50 elementor-top-column elementor-element elementor-element-1ac56c3\" data-id=\"1ac56c3\" data-element_type=\"column\" data-e-type=\"column\">\n\t\t\t<div class=\"elementor-widget-wrap elementor-element-populated\">\n\t\t\t\t\t\t<div class=\"elementor-element elementor-element-0f9cefb elementor-widget elementor-widget-text-editor\" data-id=\"0f9cefb\" data-element_type=\"widget\" data-e-type=\"widget\" data-widget_type=\"text-editor.default\">\n\t\t\t\t<div class=\"elementor-widget-container\">\n\t\t\t\t\t\t\t\t\t<p>Amperthaler S\u00e4ngerrunde: &#8222;Wia a Jahrle sich schnell draht&#8220;<\/p>\t\t\t\t\t\t\t\t<\/div>\n\t\t\t\t<\/div>\n\t\t\t\t\t<\/div>\n\t\t<\/div>\n\t\t\t\t<div class=\"elementor-column elementor-col-50 elementor-top-column elementor-element elementor-element-e63636a\" data-id=\"e63636a\" data-element_type=\"column\" data-e-type=\"column\">\n\t\t\t<div class=\"elementor-widget-wrap elementor-element-populated\">\n\t\t\t\t\t\t<div class=\"elementor-element elementor-element-5a66739 elementor-widget elementor-widget-wp-widget-media_audio\" data-id=\"5a66739\" data-element_type=\"widget\" data-e-type=\"widget\" data-widget_type=\"wp-widget-media_audio.default\">\n\t\t\t\t<div class=\"elementor-widget-container\">\n\t\t\t\t\t<audio class=\"wp-audio-shortcode\" id=\"audio-1837-2\" preload=\"none\" style=\"width: 100%;\" controls=\"controls\"><source type=\"audio\/mpeg\" src=\"https:\/\/amperthaler-saengerrunde.de\/wp-content\/uploads\/2022\/11\/02-Wia-a-Jahrle-sich-schnell-draht.mp3?_=2\" \/><source type=\"audio\/mpeg\" src=\"https:\/\/amperthaler-saengerrunde.de\/wp-content\/uploads\/2022\/11\/02-Wia-a-Jahrle-sich-schnell-draht.mp3?_=2\" \/><a href=\"https:\/\/amperthaler-saengerrunde.de\/wp-content\/uploads\/2022\/11\/02-Wia-a-Jahrle-sich-schnell-draht.mp3\">https:\/\/amperthaler-saengerrunde.de\/wp-content\/uploads\/2022\/11\/02-Wia-a-Jahrle-sich-schnell-draht.mp3<\/a><\/audio>\t\t\t\t<\/div>\n\t\t\t\t<\/div>\n\t\t\t\t\t<\/div>\n\t\t<\/div>\n\t\t\t\t\t<\/div>\n\t\t<\/section>\n\t\t\t\t<section class=\"elementor-section elementor-top-section elementor-element elementor-element-c0cd93f elementor-section-boxed elementor-section-height-default elementor-section-height-default\" data-id=\"c0cd93f\" data-element_type=\"section\" data-e-type=\"section\">\n\t\t\t\t\t\t<div class=\"elementor-container elementor-column-gap-default\">\n\t\t\t\t\t<div class=\"elementor-column elementor-col-50 elementor-top-column elementor-element elementor-element-c4f5c2f\" data-id=\"c4f5c2f\" data-element_type=\"column\" data-e-type=\"column\">\n\t\t\t<div class=\"elementor-widget-wrap elementor-element-populated\">\n\t\t\t\t\t\t<div class=\"elementor-element elementor-element-3cb4c42 elementor-widget elementor-widget-text-editor\" data-id=\"3cb4c42\" data-element_type=\"widget\" data-e-type=\"widget\" data-widget_type=\"text-editor.default\">\n\t\t\t\t<div class=\"elementor-widget-container\">\n\t\t\t\t\t\t\t\t\t<p>Amperthaler S\u00e4ngerrunde: &#8222;Im tiefen Keller sitz ich hier&#8220;<\/p>\t\t\t\t\t\t\t\t<\/div>\n\t\t\t\t<\/div>\n\t\t\t\t\t<\/div>\n\t\t<\/div>\n\t\t\t\t<div class=\"elementor-column elementor-col-50 elementor-top-column elementor-element elementor-element-b208cf1\" data-id=\"b208cf1\" data-element_type=\"column\" data-e-type=\"column\">\n\t\t\t<div class=\"elementor-widget-wrap elementor-element-populated\">\n\t\t\t\t\t\t<div class=\"elementor-element elementor-element-e48d42e elementor-widget elementor-widget-wp-widget-media_audio\" data-id=\"e48d42e\" data-element_type=\"widget\" data-e-type=\"widget\" data-widget_type=\"wp-widget-media_audio.default\">\n\t\t\t\t<div class=\"elementor-widget-container\">\n\t\t\t\t\t<audio class=\"wp-audio-shortcode\" id=\"audio-1837-3\" preload=\"none\" style=\"width: 100%;\" controls=\"controls\"><source type=\"audio\/mpeg\" src=\"https:\/\/amperthaler-saengerrunde.de\/wp-content\/uploads\/2022\/11\/09-Im-tiefen-Keller-sitz-ich-hier.mp3?_=3\" \/><source type=\"audio\/mpeg\" src=\"https:\/\/amperthaler-saengerrunde.de\/wp-content\/uploads\/2022\/11\/09-Im-tiefen-Keller-sitz-ich-hier.mp3?_=3\" \/><a href=\"https:\/\/amperthaler-saengerrunde.de\/wp-content\/uploads\/2022\/11\/09-Im-tiefen-Keller-sitz-ich-hier.mp3\">https:\/\/amperthaler-saengerrunde.de\/wp-content\/uploads\/2022\/11\/09-Im-tiefen-Keller-sitz-ich-hier.mp3<\/a><\/audio>\t\t\t\t<\/div>\n\t\t\t\t<\/div>\n\t\t\t\t\t<\/div>\n\t\t<\/div>\n\t\t\t\t\t<\/div>\n\t\t<\/section>\n\t\t\t\t<section class=\"elementor-section elementor-top-section elementor-element elementor-element-8142b1c elementor-section-boxed elementor-section-height-default elementor-section-height-default\" data-id=\"8142b1c\" data-element_type=\"section\" data-e-type=\"section\">\n\t\t\t\t\t\t<div class=\"elementor-container elementor-column-gap-default\">\n\t\t\t\t\t<div class=\"elementor-column elementor-col-50 elementor-top-column elementor-element elementor-element-8222d17\" data-id=\"8222d17\" data-element_type=\"column\" data-e-type=\"column\">\n\t\t\t<div class=\"elementor-widget-wrap elementor-element-populated\">\n\t\t\t\t\t\t<div class=\"elementor-element elementor-element-841de8a elementor-widget elementor-widget-text-editor\" data-id=\"841de8a\" data-element_type=\"widget\" data-e-type=\"widget\" data-widget_type=\"text-editor.default\">\n\t\t\t\t<div class=\"elementor-widget-container\">\n\t\t\t\t\t\t\t\t\t<p>Amperthaler S\u00e4ngerrunde: &#8222;Das Wandern ist des M\u00fcllers Lust&#8220;<\/p>\t\t\t\t\t\t\t\t<\/div>\n\t\t\t\t<\/div>\n\t\t\t\t\t<\/div>\n\t\t<\/div>\n\t\t\t\t<div class=\"elementor-column elementor-col-50 elementor-top-column elementor-element elementor-element-4cb35b7\" data-id=\"4cb35b7\" data-element_type=\"column\" data-e-type=\"column\">\n\t\t\t<div class=\"elementor-widget-wrap elementor-element-populated\">\n\t\t\t\t\t\t<div class=\"elementor-element elementor-element-484a95b elementor-widget elementor-widget-wp-widget-media_audio\" data-id=\"484a95b\" data-element_type=\"widget\" data-e-type=\"widget\" data-widget_type=\"wp-widget-media_audio.default\">\n\t\t\t\t<div class=\"elementor-widget-container\">\n\t\t\t\t\t<audio class=\"wp-audio-shortcode\" id=\"audio-1837-4\" preload=\"none\" style=\"width: 100%;\" controls=\"controls\"><source type=\"audio\/mpeg\" src=\"https:\/\/amperthaler-saengerrunde.de\/wp-content\/uploads\/2022\/11\/10-Das-Wandern-ist-des-Muellers-Lust.mp3?_=4\" \/><source type=\"audio\/mpeg\" src=\"https:\/\/amperthaler-saengerrunde.de\/wp-content\/uploads\/2022\/11\/10-Das-Wandern-ist-des-Muellers-Lust.mp3?_=4\" \/><a href=\"https:\/\/amperthaler-saengerrunde.de\/wp-content\/uploads\/2022\/11\/10-Das-Wandern-ist-des-Muellers-Lust.mp3\">https:\/\/amperthaler-saengerrunde.de\/wp-content\/uploads\/2022\/11\/10-Das-Wandern-ist-des-Muellers-Lust.mp3<\/a><\/audio>\t\t\t\t<\/div>\n\t\t\t\t<\/div>\n\t\t\t\t\t<\/div>\n\t\t<\/div>\n\t\t\t\t\t<\/div>\n\t\t<\/section>\n\t\t\t\t<section class=\"elementor-section elementor-top-section elementor-element elementor-element-aa54db5 elementor-section-boxed elementor-section-height-default elementor-section-height-default\" data-id=\"aa54db5\" data-element_type=\"section\" data-e-type=\"section\">\n\t\t\t\t\t\t<div class=\"elementor-container elementor-column-gap-default\">\n\t\t\t\t\t<div class=\"elementor-column elementor-col-50 elementor-top-column elementor-element elementor-element-4303746\" data-id=\"4303746\" data-element_type=\"column\" data-e-type=\"column\">\n\t\t\t<div class=\"elementor-widget-wrap elementor-element-populated\">\n\t\t\t\t\t\t<div class=\"elementor-element elementor-element-4cd764d elementor-widget elementor-widget-text-editor\" data-id=\"4cd764d\" data-element_type=\"widget\" data-e-type=\"widget\" data-widget_type=\"text-editor.default\">\n\t\t\t\t<div class=\"elementor-widget-container\">\n\t\t\t\t\t\t\t\t\t<p>Amperthaler S\u00e4ngerrunde: &#8222;Gern haben tuat guat&#8220;<\/p>\t\t\t\t\t\t\t\t<\/div>\n\t\t\t\t<\/div>\n\t\t\t\t\t<\/div>\n\t\t<\/div>\n\t\t\t\t<div class=\"elementor-column elementor-col-50 elementor-top-column elementor-element elementor-element-2d081e4\" data-id=\"2d081e4\" data-element_type=\"column\" data-e-type=\"column\">\n\t\t\t<div class=\"elementor-widget-wrap elementor-element-populated\">\n\t\t\t\t\t\t<div class=\"elementor-element elementor-element-3b0ca84 elementor-widget elementor-widget-wp-widget-media_audio\" data-id=\"3b0ca84\" data-element_type=\"widget\" data-e-type=\"widget\" data-widget_type=\"wp-widget-media_audio.default\">\n\t\t\t\t<div class=\"elementor-widget-container\">\n\t\t\t\t\t<audio class=\"wp-audio-shortcode\" id=\"audio-1837-5\" preload=\"none\" style=\"width: 100%;\" controls=\"controls\"><source type=\"audio\/mpeg\" src=\"https:\/\/amperthaler-saengerrunde.de\/wp-content\/uploads\/2022\/11\/19-Gern-haben-tuat-guat.mp3?_=5\" \/><source type=\"audio\/mpeg\" src=\"https:\/\/amperthaler-saengerrunde.de\/wp-content\/uploads\/2022\/11\/19-Gern-haben-tuat-guat.mp3?_=5\" \/><a href=\"https:\/\/amperthaler-saengerrunde.de\/wp-content\/uploads\/2022\/11\/19-Gern-haben-tuat-guat.mp3\">https:\/\/amperthaler-saengerrunde.de\/wp-content\/uploads\/2022\/11\/19-Gern-haben-tuat-guat.mp3<\/a><\/audio>\t\t\t\t<\/div>\n\t\t\t\t<\/div>\n\t\t\t\t\t<\/div>\n\t\t<\/div>\n\t\t\t\t\t<\/div>\n\t\t<\/section>\n\t\t\t\t<section class=\"elementor-section elementor-top-section elementor-element elementor-element-8cfcc76 elementor-section-boxed elementor-section-height-default elementor-section-height-default\" data-id=\"8cfcc76\" data-element_type=\"section\" data-e-type=\"section\">\n\t\t\t\t\t\t<div class=\"elementor-container elementor-column-gap-default\">\n\t\t\t\t\t<div class=\"elementor-column elementor-col-50 elementor-top-column elementor-element elementor-element-d17eeae\" data-id=\"d17eeae\" data-element_type=\"column\" data-e-type=\"column\">\n\t\t\t<div class=\"elementor-widget-wrap elementor-element-populated\">\n\t\t\t\t\t\t<div class=\"elementor-element elementor-element-18d12e3 elementor-widget elementor-widget-text-editor\" data-id=\"18d12e3\" data-element_type=\"widget\" data-e-type=\"widget\" data-widget_type=\"text-editor.default\">\n\t\t\t\t<div class=\"elementor-widget-container\">\n\t\t\t\t\t\t\t\t\t<p>Amperthaler S\u00e4ngerrunde: &#8222;Ich wei\u00df ein Fa\u00df in einem tiefen Keller&#8220;<\/p>\t\t\t\t\t\t\t\t<\/div>\n\t\t\t\t<\/div>\n\t\t\t\t\t<\/div>\n\t\t<\/div>\n\t\t\t\t<div class=\"elementor-column elementor-col-50 elementor-top-column elementor-element elementor-element-26a1205\" data-id=\"26a1205\" data-element_type=\"column\" data-e-type=\"column\">\n\t\t\t<div class=\"elementor-widget-wrap elementor-element-populated\">\n\t\t\t\t\t\t<div class=\"elementor-element elementor-element-1b3510d elementor-widget elementor-widget-wp-widget-media_audio\" data-id=\"1b3510d\" data-element_type=\"widget\" data-e-type=\"widget\" data-widget_type=\"wp-widget-media_audio.default\">\n\t\t\t\t<div class=\"elementor-widget-container\">\n\t\t\t\t\t<audio class=\"wp-audio-shortcode\" id=\"audio-1837-6\" preload=\"none\" style=\"width: 100%;\" controls=\"controls\"><source type=\"audio\/mpeg\" src=\"https:\/\/amperthaler-saengerrunde.de\/wp-content\/uploads\/2022\/11\/20-Ich-weiss-ein-Fass-in-einem-tiefen-Keller.mp3?_=6\" \/><source type=\"audio\/mpeg\" src=\"https:\/\/amperthaler-saengerrunde.de\/wp-content\/uploads\/2022\/11\/20-Ich-weiss-ein-Fass-in-einem-tiefen-Keller.mp3?_=6\" \/><a href=\"https:\/\/amperthaler-saengerrunde.de\/wp-content\/uploads\/2022\/11\/20-Ich-weiss-ein-Fass-in-einem-tiefen-Keller.mp3\">https:\/\/amperthaler-saengerrunde.de\/wp-content\/uploads\/2022\/11\/20-Ich-weiss-ein-Fass-in-einem-tiefen-Keller.mp3<\/a><\/audio>\t\t\t\t<\/div>\n\t\t\t\t<\/div>\n\t\t\t\t\t<\/div>\n\t\t<\/div>\n\t\t\t\t\t<\/div>\n\t\t<\/section>\n\t\t\t\t<section class=\"elementor-section elementor-top-section elementor-element elementor-element-a531a39 elementor-section-boxed elementor-section-height-default elementor-section-height-default\" data-id=\"a531a39\" data-element_type=\"section\" data-e-type=\"section\">\n\t\t\t\t\t\t<div class=\"elementor-container elementor-column-gap-default\">\n\t\t\t\t\t<div class=\"elementor-column elementor-col-50 elementor-top-column elementor-element elementor-element-bff7236\" data-id=\"bff7236\" data-element_type=\"column\" data-e-type=\"column\">\n\t\t\t<div class=\"elementor-widget-wrap elementor-element-populated\">\n\t\t\t\t\t\t<div class=\"elementor-element elementor-element-b56dcad elementor-widget elementor-widget-text-editor\" data-id=\"b56dcad\" data-element_type=\"widget\" data-e-type=\"widget\" data-widget_type=\"text-editor.default\">\n\t\t\t\t<div class=\"elementor-widget-container\">\n\t\t\t\t\t\t\t\t\t<p>Amperthaler S\u00e4ngerrunde: &#8222;Die Abendglocken rufen&#8220;<\/p>\t\t\t\t\t\t\t\t<\/div>\n\t\t\t\t<\/div>\n\t\t\t\t\t<\/div>\n\t\t<\/div>\n\t\t\t\t<div class=\"elementor-column elementor-col-50 elementor-top-column elementor-element elementor-element-be035ed\" data-id=\"be035ed\" data-element_type=\"column\" data-e-type=\"column\">\n\t\t\t<div class=\"elementor-widget-wrap elementor-element-populated\">\n\t\t\t\t\t\t<div class=\"elementor-element elementor-element-deaddb0 elementor-widget elementor-widget-wp-widget-media_audio\" data-id=\"deaddb0\" data-element_type=\"widget\" data-e-type=\"widget\" data-widget_type=\"wp-widget-media_audio.default\">\n\t\t\t\t<div class=\"elementor-widget-container\">\n\t\t\t\t\t<audio class=\"wp-audio-shortcode\" id=\"audio-1837-7\" preload=\"none\" style=\"width: 100%;\" controls=\"controls\"><source type=\"audio\/mpeg\" src=\"https:\/\/amperthaler-saengerrunde.de\/wp-content\/uploads\/2022\/11\/21-Die-Abendglocken-rufen.mp3?_=7\" \/><source type=\"audio\/mpeg\" src=\"https:\/\/amperthaler-saengerrunde.de\/wp-content\/uploads\/2022\/11\/21-Die-Abendglocken-rufen.mp3?_=7\" \/><a href=\"https:\/\/amperthaler-saengerrunde.de\/wp-content\/uploads\/2022\/11\/21-Die-Abendglocken-rufen.mp3\">https:\/\/amperthaler-saengerrunde.de\/wp-content\/uploads\/2022\/11\/21-Die-Abendglocken-rufen.mp3<\/a><\/audio>\t\t\t\t<\/div>\n\t\t\t\t<\/div>\n\t\t\t\t\t<\/div>\n\t\t<\/div>\n\t\t\t\t\t<\/div>\n\t\t<\/section>\n\t\t\t\t<section class=\"elementor-section elementor-top-section elementor-element elementor-element-b7e2c44 elementor-section-boxed elementor-section-height-default elementor-section-height-default\" data-id=\"b7e2c44\" data-element_type=\"section\" data-e-type=\"section\">\n\t\t\t\t\t\t<div class=\"elementor-container elementor-column-gap-default\">\n\t\t\t\t\t<div class=\"elementor-column elementor-col-50 elementor-top-column elementor-element elementor-element-cbf49ac\" data-id=\"cbf49ac\" data-element_type=\"column\" data-e-type=\"column\">\n\t\t\t<div class=\"elementor-widget-wrap elementor-element-populated\">\n\t\t\t\t\t\t<div class=\"elementor-element elementor-element-8b1e62a elementor-widget elementor-widget-text-editor\" data-id=\"8b1e62a\" data-element_type=\"widget\" data-e-type=\"widget\" data-widget_type=\"text-editor.default\">\n\t\t\t\t<div class=\"elementor-widget-container\">\n\t\t\t\t\t\t\t\t\t<p>Amperthaler S\u00e4ngerrunde: &#8222;Glaube nicht ans Rehbocknest&#8220;<\/p>\t\t\t\t\t\t\t\t<\/div>\n\t\t\t\t<\/div>\n\t\t\t\t\t<\/div>\n\t\t<\/div>\n\t\t\t\t<div class=\"elementor-column elementor-col-50 elementor-top-column elementor-element elementor-element-d30fc93\" data-id=\"d30fc93\" data-element_type=\"column\" data-e-type=\"column\">\n\t\t\t<div class=\"elementor-widget-wrap elementor-element-populated\">\n\t\t\t\t\t\t<div class=\"elementor-element elementor-element-24add12 elementor-widget elementor-widget-wp-widget-media_audio\" data-id=\"24add12\" data-element_type=\"widget\" data-e-type=\"widget\" data-widget_type=\"wp-widget-media_audio.default\">\n\t\t\t\t<div class=\"elementor-widget-container\">\n\t\t\t\t\t<audio class=\"wp-audio-shortcode\" id=\"audio-1837-8\" preload=\"none\" style=\"width: 100%;\" controls=\"controls\"><source type=\"audio\/mpeg\" src=\"https:\/\/amperthaler-saengerrunde.de\/wp-content\/uploads\/2022\/11\/22-Zugabe_Glaube-ncht-ans-Rehbocknest.mp3?_=8\" \/><source type=\"audio\/mpeg\" src=\"https:\/\/amperthaler-saengerrunde.de\/wp-content\/uploads\/2022\/11\/22-Zugabe_Glaube-ncht-ans-Rehbocknest.mp3?_=8\" \/><a href=\"https:\/\/amperthaler-saengerrunde.de\/wp-content\/uploads\/2022\/11\/22-Zugabe_Glaube-ncht-ans-Rehbocknest.mp3\">https:\/\/amperthaler-saengerrunde.de\/wp-content\/uploads\/2022\/11\/22-Zugabe_Glaube-ncht-ans-Rehbocknest.mp3<\/a><\/audio>\t\t\t\t<\/div>\n\t\t\t\t<\/div>\n\t\t\t\t\t<\/div>\n\t\t<\/div>\n\t\t\t\t\t<\/div>\n\t\t<\/section>\n\t\t\t\t<\/div>\n\t\t","protected":false},"excerpt":{"rendered":"<p>Der Chroleiter hat das Konzert mitgeschnitten und eine CD zusammengestellt. In der folgenden \u00dcbersicht sind die Aufnahmen (in guter Klangqualit\u00e4t) der Lieder der Amperthaler S\u00e4ngerrunde anzuh\u00f6ren. Amperthaler S\u00e4ngerrunde: &#8222;Es gr\u00fc\u00dfen euch, ihr S\u00e4nger all&#8220; Amperthaler S\u00e4ngerrunde: &#8222;Wia a Jahrle sich <a class=\"more-link\" href=\"https:\/\/amperthaler-saengerrunde.de\/?page_id=1837\">weiterlesen&#8230;<\/a><\/p>\n","protected":false},"author":1,"featured_media":0,"parent":0,"menu_order":531,"comment_status":"closed","ping_status":"closed","template":"elementor_header_footer","meta":{"footnotes":""},"class_list":["post-1837","page","type-page","status-publish","hentry"],"jetpack_sharing_enabled":true,"_links":{"self":[{"href":"https:\/\/amperthaler-saengerrunde.de\/index.php?rest_route=\/wp\/v2\/pages\/1837","targetHints":{"allow":["GET"]}}],"collection":[{"href":"https:\/\/amperthaler-saengerrunde.de\/index.php?rest_route=\/wp\/v2\/pages"}],"about":[{"href":"https:\/\/amperthaler-saengerrunde.de\/index.php?rest_route=\/wp\/v2\/types\/page"}],"author":[{"embeddable":true,"href":"https:\/\/amperthaler-saengerrunde.de\/index.php?rest_route=\/wp\/v2\/users\/1"}],"replies":[{"embeddable":true,"href":"https:\/\/amperthaler-saengerrunde.de\/index.php?rest_route=%2Fwp%2Fv2%2Fcomments&post=1837"}],"version-history":[{"count":8,"href":"https:\/\/amperthaler-saengerrunde.de\/index.php?rest_route=\/wp\/v2\/pages\/1837\/revisions"}],"predecessor-version":[{"id":1853,"href":"https:\/\/amperthaler-saengerrunde.de\/index.php?rest_route=\/wp\/v2\/pages\/1837\/revisions\/1853"}],"wp:attachment":[{"href":"https:\/\/amperthaler-saengerrunde.de\/index.php?rest_route=%2Fwp%2Fv2%2Fmedia&parent=1837"}],"curies":[{"name":"wp","href":"https:\/\/api.w.org\/{rel}","templated":true}]}}