{"id":4157,"date":"2024-06-20T08:13:02","date_gmt":"2024-06-20T08:13:02","guid":{"rendered":"https:\/\/amperthaler-saengerrunde.de\/?page_id=4157"},"modified":"2024-06-20T08:20:21","modified_gmt":"2024-06-20T08:20:21","slug":"einladung-zum-saengerfest-in-landshut-altdorf","status":"publish","type":"page","link":"https:\/\/amperthaler-saengerrunde.de\/?page_id=4157","title":{"rendered":"Einladung zum S\u00e4ngerfest in Landshut Altdorf"},"content":{"rendered":"\t\t<div data-elementor-type=\"wp-page\" data-elementor-id=\"4157\" class=\"elementor elementor-4157\">\n\t\t\t\t\t\t<section class=\"elementor-section elementor-top-section elementor-element elementor-element-f2d0059 elementor-section-boxed elementor-section-height-default elementor-section-height-default\" data-id=\"f2d0059\" data-element_type=\"section\" data-e-type=\"section\">\n\t\t\t\t\t\t<div class=\"elementor-container elementor-column-gap-default\">\n\t\t\t\t\t<div class=\"elementor-column elementor-col-100 elementor-top-column elementor-element elementor-element-f976433\" data-id=\"f976433\" data-element_type=\"column\" data-e-type=\"column\">\n\t\t\t<div class=\"elementor-widget-wrap elementor-element-populated\">\n\t\t\t\t\t\t<div class=\"elementor-element elementor-element-ad8d36e elementor-widget elementor-widget-image\" data-id=\"ad8d36e\" data-element_type=\"widget\" data-e-type=\"widget\" data-widget_type=\"image.default\">\n\t\t\t\t<div class=\"elementor-widget-container\">\n\t\t\t\t\t\t\t\t\t\t\t\t\t\t\t<img fetchpriority=\"high\" decoding=\"async\" width=\"768\" height=\"348\" src=\"https:\/\/i0.wp.com\/amperthaler-saengerrunde.de\/wp-content\/uploads\/2024\/06\/saengerfest-altdorf.jpg?fit=768%2C348&amp;ssl=1\" class=\"attachment-medium_large size-medium_large wp-image-4162\" alt=\"\" srcset=\"https:\/\/i0.wp.com\/amperthaler-saengerrunde.de\/wp-content\/uploads\/2024\/06\/saengerfest-altdorf.jpg?w=965&amp;ssl=1 965w, https:\/\/i0.wp.com\/amperthaler-saengerrunde.de\/wp-content\/uploads\/2024\/06\/saengerfest-altdorf.jpg?resize=300%2C136&amp;ssl=1 300w, https:\/\/i0.wp.com\/amperthaler-saengerrunde.de\/wp-content\/uploads\/2024\/06\/saengerfest-altdorf.jpg?resize=768%2C348&amp;ssl=1 768w\" sizes=\"(max-width: 768px) 100vw, 768px\" \/>\t\t\t\t\t\t\t\t\t\t\t\t\t\t\t<\/div>\n\t\t\t\t<\/div>\n\t\t\t\t\t<\/div>\n\t\t<\/div>\n\t\t\t\t\t<\/div>\n\t\t<\/section>\n\t\t\t\t<section class=\"elementor-section elementor-top-section elementor-element elementor-element-bd8d9a0 elementor-section-boxed elementor-section-height-default elementor-section-height-default\" data-id=\"bd8d9a0\" data-element_type=\"section\" data-e-type=\"section\">\n\t\t\t\t\t\t<div class=\"elementor-container elementor-column-gap-default\">\n\t\t\t\t\t<div class=\"elementor-column elementor-col-100 elementor-top-column elementor-element elementor-element-348ccd6\" data-id=\"348ccd6\" data-element_type=\"column\" data-e-type=\"column\">\n\t\t\t<div class=\"elementor-widget-wrap elementor-element-populated\">\n\t\t\t\t\t\t<div class=\"elementor-element elementor-element-2ebc948 elementor-widget elementor-widget-text-editor\" data-id=\"2ebc948\" data-element_type=\"widget\" data-e-type=\"widget\" data-widget_type=\"text-editor.default\">\n\t\t\t\t<div class=\"elementor-widget-container\">\n\t\t\t\t\t\t\t\t\t<h1 class=\"entry-title\">S\u00e4ngerfest in Landshut Altdorf am 29. Juni<\/h1>\t\t\t\t\t\t\t\t<\/div>\n\t\t\t\t<\/div>\n\t\t\t\t\t<\/div>\n\t\t<\/div>\n\t\t\t\t\t<\/div>\n\t\t<\/section>\n\t\t\t\t<section class=\"elementor-section elementor-top-section elementor-element elementor-element-8e81a61 elementor-section-boxed elementor-section-height-default elementor-section-height-default\" data-id=\"8e81a61\" data-element_type=\"section\" data-e-type=\"section\">\n\t\t\t\t\t\t<div class=\"elementor-container elementor-column-gap-default\">\n\t\t\t\t\t<div class=\"elementor-column elementor-col-100 elementor-top-column elementor-element elementor-element-648753f\" data-id=\"648753f\" data-element_type=\"column\" data-e-type=\"column\">\n\t\t\t<div class=\"elementor-widget-wrap elementor-element-populated\">\n\t\t\t\t\t\t<div class=\"elementor-element elementor-element-714e36c elementor-widget elementor-widget-text-editor\" data-id=\"714e36c\" data-element_type=\"widget\" data-e-type=\"widget\" data-widget_type=\"text-editor.default\">\n\t\t\t\t<div class=\"elementor-widget-container\">\n\t\t\t\t\t\t\t\t\t<p>Am <strong>Samstag den 29.Juni 2024 <\/strong>folgt die Amperthaler S\u00e4ngerrunde Kirchdorf\u00a0einer <strong>Einladung des Altdorfer M\u00e4nnerchores<\/strong> und nimmt am dortigen <strong>S\u00e4ngerfest <\/strong>teil.<\/p><p>Veranstaltungsort ist der <strong>Ziegeleistadel in Landshut Altdorf. Beginn 19.00 Uhr<\/strong> &#8211; Eintritt frei.. An dem Liederabend treten neben dem Gastgeber weitere f\u00fcnf Ch\u00f6re auf.<\/p><p>Auch f\u00fcr das leibliche Wohl vor Ort ist gesorgt.<\/p><p>Der M\u00e4nnerchor hat f\u00fcr die Fahrt nach Landshut-Altdorf einen Bus gebucht, in dem noch Pl\u00e4tze frei sind. Wer Freude am Singen und Interesse an der Veranstaltung hat, kann gerne mitfahren.<\/p><p>Wegen Platzreservierung bitte rechtzeitige Anmeldung bei Renate Stiebing\u00a0 0175 3254278.Abfahrt\u00a0 17.00 Uhr beim Oberwirt in Kirchdorf &#8211; Zustieg in N\u00f6rting und Helfenbrunn m\u00f6glich.<\/p>\t\t\t\t\t\t\t\t<\/div>\n\t\t\t\t<\/div>\n\t\t\t\t\t<\/div>\n\t\t<\/div>\n\t\t\t\t\t<\/div>\n\t\t<\/section>\n\t\t\t\t<section class=\"elementor-section elementor-top-section elementor-element elementor-element-5d0fb35 elementor-section-boxed elementor-section-height-default elementor-section-height-default\" data-id=\"5d0fb35\" data-element_type=\"section\" data-e-type=\"section\">\n\t\t\t\t\t\t<div class=\"elementor-container elementor-column-gap-default\">\n\t\t\t\t\t<div class=\"elementor-column elementor-col-100 elementor-top-column elementor-element elementor-element-866286f\" data-id=\"866286f\" data-element_type=\"column\" data-e-type=\"column\">\n\t\t\t<div class=\"elementor-widget-wrap elementor-element-populated\">\n\t\t\t\t\t\t<div class=\"elementor-element elementor-element-2e96936 elementor-widget elementor-widget-image\" data-id=\"2e96936\" data-element_type=\"widget\" data-e-type=\"widget\" data-widget_type=\"image.default\">\n\t\t\t\t<div class=\"elementor-widget-container\">\n\t\t\t\t\t\t\t\t\t\t\t\t\t\t\t\t<a href=\"https:\/\/i0.wp.com\/amperthaler-saengerrunde.de\/wp-content\/uploads\/2024\/06\/einladung-landshut.jpg?ssl=1\" data-elementor-open-lightbox=\"yes\" data-elementor-lightbox-title=\"einladung landshut\" data-e-action-hash=\"#elementor-action%3Aaction%3Dlightbox%26settings%3DeyJpZCI6NDE1OCwidXJsIjoiaHR0cHM6XC9cL2FtcGVydGhhbGVyLXNhZW5nZXJydW5kZS5kZVwvd3AtY29udGVudFwvdXBsb2Fkc1wvMjAyNFwvMDZcL2VpbmxhZHVuZy1sYW5kc2h1dC5qcGcifQ%3D%3D\">\n\t\t\t\t\t\t\t<img decoding=\"async\" width=\"768\" height=\"1131\" src=\"https:\/\/i0.wp.com\/amperthaler-saengerrunde.de\/wp-content\/uploads\/2024\/06\/einladung-landshut.jpg?fit=768%2C1131&amp;ssl=1\" class=\"attachment-medium_large size-medium_large wp-image-4158\" alt=\"\" srcset=\"https:\/\/i0.wp.com\/amperthaler-saengerrunde.de\/wp-content\/uploads\/2024\/06\/einladung-landshut.jpg?w=1121&amp;ssl=1 1121w, https:\/\/i0.wp.com\/amperthaler-saengerrunde.de\/wp-content\/uploads\/2024\/06\/einladung-landshut.jpg?resize=204%2C300&amp;ssl=1 204w, https:\/\/i0.wp.com\/amperthaler-saengerrunde.de\/wp-content\/uploads\/2024\/06\/einladung-landshut.jpg?resize=695%2C1024&amp;ssl=1 695w, https:\/\/i0.wp.com\/amperthaler-saengerrunde.de\/wp-content\/uploads\/2024\/06\/einladung-landshut.jpg?resize=768%2C1131&amp;ssl=1 768w, https:\/\/i0.wp.com\/amperthaler-saengerrunde.de\/wp-content\/uploads\/2024\/06\/einladung-landshut.jpg?resize=1043%2C1536&amp;ssl=1 1043w\" sizes=\"(max-width: 768px) 100vw, 768px\" \/>\t\t\t\t\t\t\t\t<\/a>\n\t\t\t\t\t\t\t\t\t\t\t\t\t\t\t<\/div>\n\t\t\t\t<\/div>\n\t\t\t\t\t<\/div>\n\t\t<\/div>\n\t\t\t\t\t<\/div>\n\t\t<\/section>\n\t\t\t\t<\/div>\n\t\t","protected":false},"excerpt":{"rendered":"<p>S\u00e4ngerfest in Landshut Altdorf am 29. Juni Am Samstag den 29.Juni 2024 folgt die Amperthaler S\u00e4ngerrunde Kirchdorf\u00a0einer Einladung des Altdorfer M\u00e4nnerchores und nimmt am dortigen S\u00e4ngerfest teil. Veranstaltungsort ist der Ziegeleistadel in Landshut Altdorf. Beginn 19.00 Uhr &#8211; Eintritt frei.. <a class=\"more-link\" href=\"https:\/\/amperthaler-saengerrunde.de\/?page_id=4157\">weiterlesen&#8230;<\/a><\/p>\n","protected":false},"author":1,"featured_media":0,"parent":0,"menu_order":0,"comment_status":"closed","ping_status":"closed","template":"elementor_header_footer","meta":{"footnotes":""},"class_list":["post-4157","page","type-page","status-publish","hentry"],"jetpack_sharing_enabled":true,"_links":{"self":[{"href":"https:\/\/amperthaler-saengerrunde.de\/index.php?rest_route=\/wp\/v2\/pages\/4157","targetHints":{"allow":["GET"]}}],"collection":[{"href":"https:\/\/amperthaler-saengerrunde.de\/index.php?rest_route=\/wp\/v2\/pages"}],"about":[{"href":"https:\/\/amperthaler-saengerrunde.de\/index.php?rest_route=\/wp\/v2\/types\/page"}],"author":[{"embeddable":true,"href":"https:\/\/amperthaler-saengerrunde.de\/index.php?rest_route=\/wp\/v2\/users\/1"}],"replies":[{"embeddable":true,"href":"https:\/\/amperthaler-saengerrunde.de\/index.php?rest_route=%2Fwp%2Fv2%2Fcomments&post=4157"}],"version-history":[{"count":6,"href":"https:\/\/amperthaler-saengerrunde.de\/index.php?rest_route=\/wp\/v2\/pages\/4157\/revisions"}],"predecessor-version":[{"id":4165,"href":"https:\/\/amperthaler-saengerrunde.de\/index.php?rest_route=\/wp\/v2\/pages\/4157\/revisions\/4165"}],"wp:attachment":[{"href":"https:\/\/amperthaler-saengerrunde.de\/index.php?rest_route=%2Fwp%2Fv2%2Fmedia&parent=4157"}],"curies":[{"name":"wp","href":"https:\/\/api.w.org\/{rel}","templated":true}]}}