{"id":707,"date":"2022-10-03T19:37:45","date_gmt":"2022-10-03T19:37:45","guid":{"rendered":"https:\/\/amperthaler-saengerrunde.de\/?page_id=707"},"modified":"2023-05-04T14:41:17","modified_gmt":"2023-05-04T14:41:17","slug":"geschaeftsbericht-2020","status":"publish","type":"page","link":"https:\/\/amperthaler-saengerrunde.de\/?page_id=707","title":{"rendered":"Gesch\u00e4ftsbericht 2020"},"content":{"rendered":"\t\t<div data-elementor-type=\"wp-page\" data-elementor-id=\"707\" class=\"elementor elementor-707\">\n\t\t\t\t\t\t<section class=\"elementor-section elementor-top-section elementor-element elementor-element-681d85f elementor-section-boxed elementor-section-height-default elementor-section-height-default\" data-id=\"681d85f\" data-element_type=\"section\" data-e-type=\"section\">\n\t\t\t\t\t\t<div class=\"elementor-container elementor-column-gap-default\">\n\t\t\t\t\t<div class=\"elementor-column elementor-col-100 elementor-top-column elementor-element elementor-element-486bfc7\" data-id=\"486bfc7\" data-element_type=\"column\" data-e-type=\"column\">\n\t\t\t<div class=\"elementor-widget-wrap elementor-element-populated\">\n\t\t\t\t\t\t<div class=\"elementor-element elementor-element-f04d715 elementor-widget elementor-widget-heading\" data-id=\"f04d715\" data-element_type=\"widget\" data-e-type=\"widget\" data-widget_type=\"heading.default\">\n\t\t\t\t<div class=\"elementor-widget-container\">\n\t\t\t\t\t<h2 class=\"elementor-heading-title elementor-size-default\">Gesch\u00e4ftsbericht 2020<\/h2>\t\t\t\t<\/div>\n\t\t\t\t<\/div>\n\t\t\t\t\t<\/div>\n\t\t<\/div>\n\t\t\t\t\t<\/div>\n\t\t<\/section>\n\t\t\t\t<section class=\"elementor-section elementor-top-section elementor-element elementor-element-98b756c elementor-section-boxed elementor-section-height-default elementor-section-height-default\" data-id=\"98b756c\" data-element_type=\"section\" data-e-type=\"section\">\n\t\t\t\t\t\t<div class=\"elementor-container elementor-column-gap-default\">\n\t\t\t\t\t<div class=\"elementor-column elementor-col-100 elementor-top-column elementor-element elementor-element-fa1585e\" data-id=\"fa1585e\" data-element_type=\"column\" data-e-type=\"column\">\n\t\t\t<div class=\"elementor-widget-wrap elementor-element-populated\">\n\t\t\t\t\t\t<div class=\"elementor-element elementor-element-75745e1 elementor-widget elementor-widget-text-editor\" data-id=\"75745e1\" data-element_type=\"widget\" data-e-type=\"widget\" data-widget_type=\"text-editor.default\">\n\t\t\t\t<div class=\"elementor-widget-container\">\n\t\t\t\t\t\t\t\t\t<h4><strong>Todesf\u00e4lle 2020<\/strong><\/h4><p>4 Mitglieder<br \/>06.02.2020 Rudolf Uttlinger (ehem.Mitglied)<br \/>30.04.2020 Franziska Kaindl<br \/>27.05.2020 Dieter Keil<br \/>19.08.2020 Michael Akstaller<\/p><h4><strong>15.02.2020 JHV f\u00fcr das Gesch\u00e4ftsjahr 2019 m.Ehrungen<\/strong><\/h4><p>Probenbeginn 21.01.2020 insgesamt 5 Chorproben bis 12.03.2020<\/p><p>Anschlie\u00dfend Beginn Corona Lockdown<\/p><p>17.03.2020 Absage des f\u00fcr 26.04.2020 geplanten Fr\u00fchjahrssingen<\/p><p>02.05.2020 80.Geburtstag S\u00e4nger Max Zirngibl<br \/>Albert Reichart \u00fcberbringt Gl\u00fcckw\u00fcnsche<\/p><p>22.06.2020 80.Geburtstag S\u00e4nger Josef Hadler (Summara Sepp)<br \/>Albert Reichart \/ G\u00fcnther Frank \u00fcberbringen Gl\u00fcckw\u00fcnsche<\/p><p>21.07.2020 Vorstandssitzung bei G\u00fcnther Frank<\/p><p>01.08.2020 70.Geburtstag S\u00e4nger Josef Gerbl<br \/>Abordnung geht zum Gratulieren (leichte Coronalockerungen)<\/p><p>13.08.2020 70.Geburtstag S\u00e4nger Josef Schott (Schneider Sepp)<br \/>Abordnung gratuliert.<\/p><p>Probenbeginn nach der Lockerung der Coronabestimmungen<br \/>10.09.2020 Chorprobe in der Tenne mit Coronabstand und Maske<\/p><p>Vor Probenbeginn Krustenbraten \u2013 gespendet von<br \/>Max Zirngibl anl\u00e4sslich seines 80.Geburtstages<\/p><p>Dann noch 3 Proben bis Okt.2020 \u2013 dann wieder Lockdown<\/p><p>Insgesamt 2020 nur 11 Chorproben<\/p><p>29.10.2020 Vorstandssitzung<br \/>Vorsichtige Planung f\u00fcr 60 Jahre AmS\u00e4Ru 2021\u00a0\u00a0 und Kirchweihsingen 2021<\/p><p>Advent 2020<\/p><p>Alle Veranstaltungen mussten wegen der\u00a0\u00a0 Coronaauflagen abgesagt werden.<\/p><p>Adventsfeier S\u00e4nger \/ Seniorennachmittag<br \/>Daf\u00fcr wurde an alle Vereinsmitglieder als Weihnachtsgru\u00df<br \/>Ein Weihnachtsbrief verschickt.<br \/>Als Beigabe eine CD von der Hl.Nacht 2010 der Amperthaler S\u00e4ngerrunde in der Pfarrkirche.<\/p><p>Heiligabend 24.12.2020<\/p><p>Rorateamt darf unter Coronauflagen stattfinden.<br \/>Es d\u00fcrfen zu diesem Zeitpunkt nicht mehr als 4 Personen singen.<br \/>Albert Reichart\/Martin Bauer\/Max Zirngibl\/Hans Prell<br \/>sangen das Rorateamt unter Leitung von Elmar Thalhammer<\/p><p>Christmette musste bereits um 17.00 Uhr stattfinden \u2013 da abends ab 21 Uhr Ausgangssperre angeordnet war.<br \/>Das traditonelle Singen vor dem Christbaum am der Kirche musste deshalb entfallen.<\/p><p>Vorstandsitzungen 2020 insgesamt 3 Sitzungen<\/p><h4>Jahreshauptversammlung<br \/>F\u00fcr die Gesch\u00e4ftsjahre 2020 + 2021 am Donnerstag 14.07.2022<\/h4>\t\t\t\t\t\t\t\t<\/div>\n\t\t\t\t<\/div>\n\t\t\t\t\t<\/div>\n\t\t<\/div>\n\t\t\t\t\t<\/div>\n\t\t<\/section>\n\t\t\t\t<\/div>\n\t\t","protected":false},"excerpt":{"rendered":"<p>Gesch\u00e4ftsbericht 2020 Todesf\u00e4lle 2020 4 Mitglieder06.02.2020 Rudolf Uttlinger (ehem.Mitglied)30.04.2020 Franziska Kaindl27.05.2020 Dieter Keil19.08.2020 Michael Akstaller 15.02.2020 JHV f\u00fcr das Gesch\u00e4ftsjahr 2019 m.Ehrungen Probenbeginn 21.01.2020 insgesamt 5 Chorproben bis 12.03.2020 Anschlie\u00dfend Beginn Corona Lockdown 17.03.2020 Absage des f\u00fcr 26.04.2020 geplanten Fr\u00fchjahrssingen <a class=\"more-link\" href=\"https:\/\/amperthaler-saengerrunde.de\/?page_id=707\">weiterlesen&#8230;<\/a><\/p>\n","protected":false},"author":1,"featured_media":0,"parent":0,"menu_order":512,"comment_status":"closed","ping_status":"closed","template":"elementor_header_footer","meta":{"footnotes":""},"class_list":["post-707","page","type-page","status-publish","hentry"],"jetpack_sharing_enabled":true,"_links":{"self":[{"href":"https:\/\/amperthaler-saengerrunde.de\/index.php?rest_route=\/wp\/v2\/pages\/707","targetHints":{"allow":["GET"]}}],"collection":[{"href":"https:\/\/amperthaler-saengerrunde.de\/index.php?rest_route=\/wp\/v2\/pages"}],"about":[{"href":"https:\/\/amperthaler-saengerrunde.de\/index.php?rest_route=\/wp\/v2\/types\/page"}],"author":[{"embeddable":true,"href":"https:\/\/amperthaler-saengerrunde.de\/index.php?rest_route=\/wp\/v2\/users\/1"}],"replies":[{"embeddable":true,"href":"https:\/\/amperthaler-saengerrunde.de\/index.php?rest_route=%2Fwp%2Fv2%2Fcomments&post=707"}],"version-history":[{"count":11,"href":"https:\/\/amperthaler-saengerrunde.de\/index.php?rest_route=\/wp\/v2\/pages\/707\/revisions"}],"predecessor-version":[{"id":1159,"href":"https:\/\/amperthaler-saengerrunde.de\/index.php?rest_route=\/wp\/v2\/pages\/707\/revisions\/1159"}],"wp:attachment":[{"href":"https:\/\/amperthaler-saengerrunde.de\/index.php?rest_route=%2Fwp%2Fv2%2Fmedia&parent=707"}],"curies":[{"name":"wp","href":"https:\/\/api.w.org\/{rel}","templated":true}]}}